628 - 1734 = 3*d. Let o = -469 + n. Calculate the remainder when o is divided by 12.
10
Let b = -1308 - -1235. Let j = -45 - b. Suppose -3*z = 3*p - 57, -z = -3*p + 33 + 8. What is the remainder when j is divided by p?
13
Suppose 5*p + 2*h + 3*h = 220, -47 = -p - 4*h. Suppose -3*x = -3*l + 249, 5*l + 8*x = 3*x + 415. What is the remainder when l is divided by p?
40
Let f(d) = d + 29 - 4*d**2 + 4*d**2 + d**2. What is the remainder when -17 + 51/((-306)/(-420)) is divided by f(0)?
24
Suppose 3*v = -3, 3*z - 157 + 11 = 5*v. Calculate the remainder when z is divided by 20.
7
Suppose 5*f + 3*o = -7264 + 21143, 0 = -f - 3*o + 2771. Calculate the remainder when f is divided by 26.
21
Let o(j) = 12*j**2 - 105*j + 29. What is the remainder when 838 is divided by o(9)?
54
Suppose 10*z - 17*z + 7 = 0. Suppose -54 = -5*u + z. What is the remainder when 42 is divided by u?
9
Suppose -3*w - 97 = -4*n, 5*n - 4*w - 97 = 25. Let a = -15 + n. Let c = 1875 - 1868. What is the remainder when a is divided by c?
0
Suppose 0 = -2*m + 10, -5*q - 10*m + 7*m = -1100. Let d = q - 128. Calculate the remainder when d is divided by 19.
13
Suppose -5*v - 3 = -j - 0, -2*v + 5*j = 15. What is the remainder when 19 is divided by 64 - 51 - (v + 0 + 2)?
8
Let w = -64 - -77. What is the remainder when 36 is divided by (w/(-2))/(21/(-6) - -3)?
10
Let l = 10623 - 10262. What is the remainder when l is divided by 64?
41
Suppose -3*l + 4147 = -4*u - 0*u, -3*u = -2*l + 2766. Suppose -4*v - l = 5*v. Let n = 324 + v. Calculate the remainder when n is divided by 29.
26
Suppose 5*o - 96 = -3*o. Let b(j) = j + 13. Let x be b(o). Let t = 7 + x. Calculate the remainder when t is divided by 9.
5
Suppose 3*g - 5*m = 12, 19 = 5*g + 2*m - 32. Suppose g*k + 434 = 2*k. Let y = -18 - k. Calculate the remainder when y is divided by 9.
8
Let q(c) = c**3 - 2*c**2 + 9*c - 7. Let g be q(8). Let z = g + -426. What is the remainder when 246 is divided by z?
16
Suppose -2*x - 3*m + 111 = 0, -4*x = -m + 76 - 291. What is the remainder when 209 is divided by x?
47
Let g(f) = 75*f + 10. Calculate the remainder when g(8) is divided by (-3)/(-9)*432/8.
16
Let q(x) = 3*x + 39. Suppose 0 = 7*c - 301 + 287. What is the remainder when q(-7) is divided by c?
0
Let f(q) = q**3 - 3*q**2 + q - 5. Let h be f(5). Let s = h - 43. Suppose -s*v - 36 = -8*v. Calculate the remainder when 107 is divided by v.
35
Suppose s - 6*s + 520 = 0. Let h = -74 + s. Suppose -3*i + 8*l + 206 = 0, -13*i + l - 228 = -17*i. Calculate the remainder when i is divided by h.
28
Let k = -101 + 104. Calculate the remainder when 3 + ((-86)/(-4) - k/(-6)) is divided by 14.
11
Suppose 24 - 9 = 3*n. Suppose -230 = -n*b + 175. Calculate the remainder when b is divided by 14.
11
Suppose 5*k + 19635 = 5*c, -6886 - 961 = -2*c + 3*k. What is the remainder when c is divided by 48?
46
Suppose 0 = -4*n + 20. Suppose -163 = -n*q + 122. What is the remainder when q is divided by 4/(-7) + (-2016)/(-98)?
17
Suppose -4*d + 294 = -a - 2*a, 3*a = 5*d - 369. Suppose -189 = -6*h - d. What is the remainder when 33 is divided by h?
14
Let f(l) = 3*l - 35. Let m be f(13). Suppose 5*z = m*z. What is the remainder when 64 is divided by 2/(z - (-10)/85)?
13
What is the remainder when 397 is divided by (-15)/35 - (37968/(-98))/8?
13
Let m(y) = -y**2 + 12*y - 25. What is the remainder when 928 is divided by m(4)?
4
Calculate the remainder when 971 is divided by (-2)/11 + (-6251)/231*(-5 + 2).
80
What is the remainder when (1 + (-11)/((-77)/(-84)) - -7) + 3500 is divided by 175?
171
Let t be 178*(3 + 1*(-1 - 1)). Let y = t - 147. What is the remainder when 123 is divided by y?
30
Suppose 475*z - 2145 = 462*z. Calculate the remainder when z is divided by (-5)/(5/(-24)) + 0.
21
Let p = -129 + 27. Let l be (-5624)/(-52) + (-4)/26 + 2. Let n = l + p. Calculate the remainder when n is divided by 2.
0
Suppose 4*y = -15 + 75. Let q(w) = -5*w**3 - w**2 - w - 2. Let t be q(-4). Suppose 7*m - t = 93. Calculate the remainder when m is divided by y.
12
Let u = -2745 - -2756. Let p = 2546 - 1438. What is the remainder when p is divided by u?
8
Suppose 2*n + 2*w - 86 = 0, -9*w = -5*n - 8*w + 203. What is the remainder when (3008/12)/4 + 8/(-12) is divided by n?
21
Let j(g) be the first derivative of g**2/2 - 10*g + 17. Let y be j(12). Calculate the remainder when -6*40/(-6)*y is divided by 9.
8
Let r be 24/56 + 92/14. Suppose -d = -r + 2. Suppose p + f = 94, 4*f - 197 - 277 = -d*p. What is the remainder when p is divided by 51?
47
Let u(k) = -74*k - 214. Let g be u(-4). Suppose -3*a - 4*q = -106, 2*a = -2*q + 5*q + g. What is the remainder when 99 is divided by a?
23
Let x be (50/(-15) + 3)*-87*1. Suppose -x*c = -22*c - 70. Suppose 3*u - 4*h = 106 + 43, 0 = -h - 2. Calculate the remainder when u is divided by c.
7
Let w = -331 - -206. What is the remainder when 158*w/75*(-6)/4 is divided by 11?
10
Suppose -78*p + 40*p + 2880 = 52*p. What is the remainder when 104 is divided by p?
8
Suppose -622 = -7*a + 3943 - 1324. What is the remainder when a is divided by 43?
33
Let w(k) = -7*k - 7. Let o(z) = -6*z - 6. Let u(y) = -3*o(y) + 2*w(y). Let p be u(-2). Calculate the remainder when 20/(2 + (p - -4)) is divided by 7.
3
Let n(i) = 2*i**2 - 6*i - 5. What is the remainder when n(-5) is divided by 4*(1900/(-16))/(-25)?
18
Let v(i) = -3*i + 4. Let d = -18589 - -18638. Calculate the remainder when d is divided by v(-4).
1
Let z(l) = 14*l**2 + 43*l - 121. Let s(v) = 3*v**2 + 9*v - 24. Let p(c) = 11*s(c) - 2*z(c). Calculate the remainder when 224 is divided by p(-5).
34
Let g(t) = -4*t - 14. Let w be g(-5). Let z be (w + -5)/(0 + 3/15). Let s(o) = 2*o + 10. What is the remainder when 79 is divided by s(z)?
19
Let i = 381 - -129. Calculate the remainder when i is divided by 9.
6
Let t(o) = -4*o**3 + 19*o**2 - 41*o + 22. Let f(a) = -a**3 + a**2 - a - 1. Let u(r) = 3*f(r) - t(r). Calculate the remainder when u(15) is divided by 14.
12
Let d be 56/12*12/14. Suppose -3*s + 557 = -4*c, -d*s + c + 20 = -727. What is the remainder when s is divided by 32?
27
Calculate the remainder when 2410 is divided by 144/54*561/88.
13
Suppose 57*i = 9015 + 3240. Calculate the remainder when i is divided by 51.
11
Let b = -2204 + 2538. What is the remainder when b is divided by 45?
19
Let n(h) = 3*h**2 + 9*h + 1. Let v = -3344 + 3415. Calculate the remainder when n(7) is divided by v.
69
What is the remainder when 710 is divided by 6060/68 + 104/(-884)?
87
Let o be 13*(1 + (-10 - 4)). Let b = 192 + o. What is the remainder when 60 is divided by b?
14
Let z = 12330 + -8477. What is the remainder when z is divided by 16?
13
Suppose -4*y = -z + 9706, -25*z + 21*z + 38844 = 4*y. Calculate the remainder when z is divided by 83.
82
Let n be (62440/(3 + -2) - 5) + 5. Calculate the remainder when n/216 - 14/189 is divided by 10.
9
Let b = 17821 + -17600. Calculate the remainder when b is divided by (13 + -14)*(-15 - 0).
11
Let w(q) = -249*q - 10399. Let n(b) = b**3 + 7*b**2 + 5*b. Calculate the remainder when w(-42) is divided by n(-6).
5
Let h = -200 + 336. Let u(g) = 1320*g + 2709. Calculate the remainder when h is divided by u(-2).
67
Calculate the remainder when 1/1 - (88900/210)/((-1)/3) is divided by 64.
55
Let m = -731 - -752. Let x be (124 - (-2 - 1)) + 0. Let z = -71 + x. Calculate the remainder when z is divided by m.
14
Let h(o) = -12*o - 104. Let i be h(-30). Let a = 306 - i. What is the remainder when 248 is divided by a?
48
Suppose 1370 = i + 131. Calculate the remainder when i is divided by 18.
15
Suppose 209 - 1026 = -19*i. What is the remainder when i is divided by 22?
21
Suppose -239 = 42*s - 5647 - 136. Calculate the remainder when 5407 is divided by s.
127
What is the remainder when 2981 is divided by ((-10)/65)/(-10 + 32367/3237)?
159
Let c(m) = -50*m + 238. Let i be c(5). Calculate the remainder when (42/i)/(4/(-40)) is divided by 9.
8
Let r(k) = 220*k - 1067. Let w = -12 - -42. What is the remainder when r(5) is divided by w?
3
Let f = 30026 + -29643. What is the remainder when f is divided by (-1)/2 + 194/4?
47
Suppose -5*s + 4*w + 338 + 201 = 0, w - 4 = 0. Let z = -97 + s. What is the remainder when 18 is divided by z?
4
Let l = 399 - 281. What is the remainder when l is divided by 60?
58
Let j = -298